Let b be 4 + (2 + 2)/4. Suppose 0 = b*v - p - 0*p - 219, 0 = -v + 3*p + 41. What is the greatest common factor of v and 836?
44
Let o(u) = -8*u**3 + 22*u**2 + 110*u + 25. Let y be o(-9). Calculate the highest common divisor of 61 and y.
61
Let n be ((-40)/140)/(2/(-14)). Suppose n*j = 3*m - 130, 2*m - 24 = -j + 65. Calculate the highest common factor of m and 187.
11
Let h = -2795 - -2885. Let d = 81 + -279. Let b be d/(-12) - 3/(-2). What is the highest common factor of b and h?
18
Suppose -6461 = -42*q + 35*q. Let s = q - 909. Let a = -112 + 210. Calculate the highest common divisor of a and s.
14
Let v be 24/(-4 + (-215)/(-30) + -3). Let l(i) = 17*i**2 - 2*i + 3. Let c be l(1). What is the highest common factor of c and v?
18
Let r(w) = -2*w**3 - 72*w**2 - 8*w + 76. Let i be r(-36). What is the highest common divisor of 1508 and i?
52
Let p be -34 - -1*4/2. Let u = p - -68. Suppose -50*d = -157*d - 122*d + 4122. Calculate the greatest common divisor of u and d.
18
Let k = 68 + -18. Let f = 674 + -393. Let m = f + -131. What is the highest common divisor of k and m?
50
Let l be (-2)/8*-20 - 3. Suppose 32*i - 7410 = l*i. Calculate the highest common factor of i and 13.
13
Suppose 3*f - 4*r - 1436 = 0, 1441 = 100*f - 97*f + r. Calculate the greatest common divisor of 1290 and f.
30
Let x be (15 + 50 + -3)*(-50)/4. Let c be -165*3 - (-3 + 3). Let u = c - x. Calculate the greatest common divisor of u and 40.
40
Let b be 15/(-6) + (6 - (-1989)/26). Calculate the highest common divisor of b and 248.
8
Suppose 4*o + 3*m - 660 = 0, -3*m - 708 = -1511*o + 1507*o. Suppose -36 = -0*j - 4*j. Calculate the highest common divisor of j and o.
9
Suppose 11*f - 5361 + 694 - 9358 = 0. What is the highest common divisor of f and 75?
75
Let x(p) = -1000*p**3 + 2000*p**3 + 13*p**2 - 999*p**3 + 16 + 12*p. Let k be x(-12). Let v = 38 + -26. Calculate the greatest common divisor of k and v.
4
Let h = -2022 + 2031. What is the greatest common divisor of 2367 and h?
9
Let o(r) = -r**2 + 2*r + 65. Let z be o(0). Suppose -z = 6*i - 257. Suppose -2*c + 4 = -c. What is the highest common divisor of i and c?
4
Suppose -b - 57570 - 5772 = -19*b. What is the highest common factor of b and 204?
51
Let g(p) = -4*p - 107. Let d be g(-21). Let f be (6/(-4))/(1/(-34)). Let a = d + f. Calculate the highest common divisor of 140 and a.
28
Let s = -1 + 5. Suppose -x - x - 10 = 5*t, -s*t + x + 5 = 0. Suppose 5*f = 4*z + 182, 4*f - 158 = -t*f - 3*z. What is the greatest common divisor of f and 114?
38
Let f be (-21)/2*(-4 + 128/(-28)). Suppose -f = 3*g - 6*g. Suppose 0 = -4*w + 46 - 6. What is the greatest common factor of g and w?
10
Suppose -w + 239 = b + 3*b, 5*b = -2*w + 301. Let u = -47 + b. Let v = 14 + -2. What is the greatest common divisor of v and u?
12
Let u(r) = 4*r**2 + 21*r - 29. Let t(d) = -3*d**2 - 21*d + 28. Let o(i) = 3*t(i) + 2*u(i). Let l be o(-15). What is the highest common factor of 4 and l?
4
Let t(x) be the second derivative of x**4/12 - 7*x**3/2 - 145*x**2/2 - 189*x. Let f be t(27). What is the greatest common divisor of 391 and f?
17
Let l be (5/((-5)/2))/(-1)*-1. Let b be (26 - 23)/(l/(-12)). Calculate the greatest common divisor of 2 and b.
2
Let h(r) = -r - 17. Let x be h(-19). Suppose -2*n + 45 + 35 = x*k, 3*k = n - 20. What is the greatest common factor of 14 and n?
7
Let t(j) = 1826*j - 3424. Let a be t(4). What is the highest common factor of 120 and a?
40
Let s(a) = a + 42. Let u be s(0). Let o = u - -43. Suppose 0 = 4*z + 5*f + 83 - 136, -z + 2*f + 23 = 0. Calculate the highest common divisor of z and o.
17
Suppose 3805*l - 680 = 3720*l. What is the highest common divisor of 3428 and l?
4
Suppose 0 = -3*t - 424 + 427, 0 = -2*d - 5*t + 47. What is the greatest common divisor of d and 581?
7
Suppose 18*w - 14*w - 3*l = 112, 140 = 5*w - l. Calculate the greatest common divisor of w and 5054.
14
Let d(b) = -2*b**2 - 268*b - 367. Let u be d(-132). Calculate the greatest common divisor of 50071 and u.
161
Suppose 112272 = 5*v + 2*p, -31*v - 2*p - 89796 = -35*v. What is the greatest common divisor of 24 and v?
12
Suppose 3090 = -21*j + 17790. Calculate the highest common factor of j and 15.
5
Let c = 273013 - 272728. Let u be (-1)/3 + (-272)/(-6). Calculate the highest common divisor of u and c.
15
Let w be (30/(-435))/((-5)/145). What is the greatest common divisor of 1242 and w?
2
Let c(g) = 45*g**2 + 3*g - 27. Let q be c(5). Suppose 17*k = q + 366. Calculate the greatest common divisor of k and 116.
29
Suppose -23*n - 270215 = -40*n. What is the greatest common factor of n and 187?
187
Let k = 33 - -247. Suppose -81*l + 74*l = -k. Calculate the highest common factor of 25 and l.
5
Suppose 5*f + 410 = 3*c, -4*c - 4*f + 698 = 194. What is the highest common factor of 2756 and c?
26
Let q = 98 - 98. Let y(o) = -12*o**3 + 6*o**3 + q + 5*o**3 - 12*o + 5 - 8*o**2. Let j be y(-6). What is the greatest common divisor of j and 25?
5
Let r = 4763 - 4753. What is the highest common factor of 10320 and r?
10
Let u be (-47)/(-3) - (-318)/(-477). Let n(d) = -d**2 - 3*d + 5. Let l be n(-4). Let a be l + -3 + 0 + 17. Calculate the highest common factor of a and u.
15
Suppose 39*w - 44*w = -50. Suppose w*o = 15*o - 45. Calculate the greatest common factor of 18 and o.
9
Suppose -2*v + 360 = 3*x, 538 = 20*v - 17*v + 4*x. Let h be -4 - (-7)/((-21)/(-186)). Calculate the greatest common divisor of v and h.
58
Let l be 10747/(-44)*150/(-60)*(-32)/(-10). What is the highest common divisor of l and 2?
2
Let k = -344 + 360. Suppose -19*o = k*o - 10920. Calculate the greatest common factor of 24 and o.
24
Suppose -3923 = -10*t - 3833. Suppose 5*s = 2*l - l - 385, 0 = 2*s - 8. What is the greatest common divisor of t and l?
9
Suppose l + 2*u - 1011 = 963, -2*l + 3951 = u. What is the greatest common divisor of 312 and l?
104
Let d be 7675/50 + (-4)/(-8). Let u(n) be the third derivative of -7*n**4/12 - 3*n**2. Let s be u(-1). Calculate the greatest common divisor of s and d.
14
Let y = 7629 + -6159. What is the greatest common factor of y and 20?
10
Suppose 0 = -5*t - 4*p + 408, 2*t = 25*p - 27*p + 166. What is the greatest common divisor of t and 1197?
19
Let b(p) be the second derivative of p**3/6 + 23*p**2 + 122*p. Let s be b(-14). What is the highest common divisor of s and 80?
16
Let r = -717 + -174. Let n be 8/(-3)*r/22. Let a = 48 + -21. What is the greatest common divisor of a and n?
27
Let u = 10006 - 9781. What is the greatest common factor of u and 765?
45
Let d = 342 + -347. Let k(p) = -27*p - 79. Let f be k(d). What is the highest common divisor of 728 and f?
56
Suppose -2*r + 2856 = -3*z, -265*z - 4269 = -3*r - 268*z. What is the highest common divisor of 3 and r?
3
Suppose -209*w + 266*w = 100890. Calculate the highest common factor of 12 and w.
6
Let p(w) = 859*w - 2. Let m be p(1). Let x = -512 + m. Suppose 8*u = x + 135. Calculate the highest common factor of 15 and u.
15
Let j be ((-128)/(-3))/(-2)*-6. Suppose -719*n - 117 = -723*n + 5*y, 0 = n + 5*y - 123. Calculate the greatest common divisor of n and j.
16
Let p = 145 + 20. Calculate the greatest common divisor of 645 and p.
15
Let d = 9637 + -6831. Calculate the highest common divisor of d and 69.
23
Let o be (-68)/(-6) - 2/6. Suppose -s + 7*w - 8*w = -18, w = -5*s + 86. Let n be s + (-9)/6*20/(-6). Calculate the greatest common factor of n and o.
11
Let b(z) = -17*z**3 + 9*z**2 + 16*z + 3. Let o be b(-2). Calculate the greatest common divisor of o and 455.
13
Suppose 2*o + 4*k = 168, -o + 165 = o + 5*k. Let g = o + -48. Suppose 0 = 16*h - 15*h - 14. What is the greatest common factor of g and h?
14
Let d = -3457 + 4239. What is the greatest common divisor of 368 and d?
46
Let h(n) = 8*n**2 + 108*n - 318. Let u be h(-50). What is the greatest common divisor of 148 and u?
74
Let l(p) = 5*p**3 + p**2 - 1. Let j be l(1). Suppose 2341*v + 43607 = 394757. What is the greatest common divisor of v and j?
5
Let w be -4*5/10*(-69)/(-6). Let i(a) = -2*a - 32. Let z be i(w). Calculate the highest common divisor of 14 and z.
14
Suppose 3*j - 85 = -73. Suppose -13*r = -15*r - 2, 2*s - 44 = j*r. Calculate the highest common factor of s and 100.
20
Suppose -361*l = -360*l - 499. Let c = l - 493. Calculate the highe